209413?
False
Does 433 divide 248624703?
True
Does 2693 divide 9770522?
False
Is 8 a factor of 537380808?
True
Is 14942166 a multiple of 6?
True
Is 1069992087 a multiple of 57?
True
Is 3054 a factor of 1199771611?
False
Is 142298400 a multiple of 211?
True
Is 51022998 a multiple of 755?
False
Is 47687192 a multiple of 98?
True
Does 5615 divide 127080478?
False
Is 1133 a factor of 274073833?
True
Does 48 divide 214595488?
False
Does 341 divide 33827882?
True
Is 102329365 a multiple of 155?
False
Does 71 divide 6789091?
True
Is 41 a factor of 1327754?
False
Is 1184012336 a multiple of 16?
True
Is 38 a factor of 18294416?
True
Does 1657 divide 122043021?
True
Is 14 a factor of 5242416081?
False
Does 41 divide 59331993?
False
Is 329 a factor of 402327191?
True
Is 704821619 a multiple of 31?
False
Is 10597 a factor of 2978096104?
True
Does 34 divide 35925930?
True
Is 1344504636 a multiple of 6066?
True
Does 7 divide 443953?
False
Does 692 divide 24747140?
False
Does 1228 divide 27356156?
True
Is 4083 a factor of 631101144?
True
Is 518969672 a multiple of 1049?
True
Is 243 a factor of 351916731?
True
Is 108 a factor of 412232225?
False
Does 523 divide 100523417?
False
Does 1640 divide 331462830?
False
Is 10662755 a multiple of 1148?
False
Is 632334765 a multiple of 1335?
True
Is 65896828 a multiple of 899?
False
Is 42576632 a multiple of 1191?
False
Is 10 a factor of 43574431?
False
Does 13 divide 648913775?
False
Is 17 a factor of 281190651?
False
Does 15 divide 23247870?
True
Does 117 divide 6561828?
True
Is 19 a factor of 8684672?
True
Does 18 divide 611870378?
False
Is 6 a factor of 2747513364?
True
Is 818 a factor of 36926974?
True
Does 100 divide 1664664300?
True
Is 2433 a factor of 45927827?
False
Is 3 a factor of 9657850?
False
Does 486 divide 28898046?
True
Is 638 a factor of 1681113088?
False
Is 21 a factor of 21087280?
False
Is 80303454 a multiple of 462?
True
Is 25 a factor of 645637775?
True
Is 69 a factor of 4597853?
False
Does 2271 divide 168131484?
False
Is 808 a factor of 60726856?
True
Is 19 a factor of 126648851?
True
Is 22 a factor of 896693444?
False
Is 23 a factor of 2405765799?
True
Is 177380871 a multiple of 166?
False
Is 899198616 a multiple of 23?
True
Is 62741119 a multiple of 495?
False
Does 422 divide 75198232?
False
Does 1253 divide 93309657?
True
Is 5156 a factor of 1645267438?
False
Is 83286728 a multiple of 519?
False
Is 3036 a factor of 4033743?
False
Does 11 divide 165147400?
True
Does 64 divide 9502688?
False
Is 435308525 a multiple of 20?
False
Does 9 divide 962535289?
False
Is 10 a factor of 7712997?
False
Does 285 divide 365920620?
True
Is 57538688 a multiple of 38?
True
Does 392 divide 51566424?
True
Is 80155450 a multiple of 388?
False
Does 2010 divide 291436209?
False
Is 14 a factor of 24677478?
True
Is 22 a factor of 6400944?
True
Is 104 a factor of 87003561?
False
Is 17 a factor of 604318890?
True
Is 83849601 a multiple of 447?
True
Is 6670787680 a multiple of 12?
False
Is 250 a factor of 303174500?
True
Does 240 divide 50079360?
True
Is 312262165 a multiple of 15?
False
Is 4 a factor of 123658611?
False
Is 1432621824 a multiple of 6?
True
Is 58 a factor of 11879328?
True
Does 2663 divide 352781129?
False
Is 593 a factor of 61752414?
False
Is 33 a factor of 34363890?
True
Is 175 a factor of 170730859?
False
Is 342 a factor of 63075744?
True
Is 4162055 a multiple of 80?
False
Does 765 divide 2157021513?
False
Is 471115363 a multiple of 1559?
False
Does 5727 divide 66946210?
False
Is 71244684 a multiple of 42?
True
Does 297 divide 177848649?
True
Is 6346926 a multiple of 6?
True
Is 147 a factor of 886170831?
True
Is 980355888 a multiple of 4392?
True
Does 20 divide 459553353?
False
Is 17 a factor of 69061653?
False
Does 281 divide 1687405?
True
Does 3 divide 124630755?
True
Does 6171 divide 500202747?
True
Is 564464032 a multiple of 14?
False
Is 1792 a factor of 47148802?
False
Is 341 a factor of 18188258?
True
Is 110705835 a multiple of 15?
True
Is 36907590 a multiple of 10?
True
Is 999 a factor of 115995327?
False
Does 632 divide 24139240?
True
Does 53 divide 35126211?
False
Is 199506543 a multiple of 3027?
True
Does 111 divide 39372033?
True
Does 411 divide 74216120?
False
Does 21 divide 205505794?
False
Is 906576108 a multiple of 12?
True
Is 6850437154 a multiple of 22?
True
Is 906817493 a multiple of 108?
False
Does 11 divide 147254935?
False
Is 27 a factor of 2486029272?
False
Is 24463843 a multiple of 3?
False
Is 58 a factor of 9796606?
True
Does 132 divide 161923872?
True
Does 325 divide 359698950?
True
Is 702 a factor of 109356199?
False
Is 12513270 a multiple of 165?
True
Is 7897054191 a multiple of 13?
True
Does 691 divide 1429281675?
True
Does 15 divide 375679200?
True
Is 575 a factor of 35275100?
True
Is 19641008 a multiple of 498?
False
Is 505134 a multiple of 19?
True
Is 12 a factor of 153493818?
False
Is 23511960 a multiple of 5784?
True
Is 32 a factor of 174287776?
True
Is 960 a factor of 6934080?
True
Is 11041824 a multiple of 12?
True
Does 9 divide 3776106459?
False
Does 46 divide 60764232?
False
Does 160 divide 107433120?
True
Is 221197200 a multiple of 42?
True
Is 85 a factor of 87985618?
False
Is 10 a factor of 19910966?
False
Does 901 divide 121022320?
True
Is 2229612823 a multiple of 98?
False
Does 41 divide 1658157137?
True
Does 123 divide 32707176?
True
Is 44748165 a multiple of 645?
True
Is 44 a factor of 199298097?
False
Is 512 a factor of 241212928?
True
Does 38 divide 48388174?
True
Is 12254541 a multiple of 183?
False
Is 692 a factor of 7436924?
True
Is 130847585 a multiple of 8?
False
Is 39 a factor of 30629235?
True
Is 8 a factor of 491222000?
True
Does 7379 divide 905984012?
False
Does 156 divide 809562624?
True
Is 304 a factor of 270672284?
False
Does 35 divide 58244900?
True
Is 4058318315 a multiple of 737?
False
Is 14 a factor of 108735998?
True
Does 601 divide 1860297?
False
Is 104 a factor of 723171696?
True
Is 97179687 a multiple of 10?
False
Is 135 a factor of 1680709635?
True
Is 16946092 a multiple of 556?
False
Is 5068428 a multiple of 28?
False
Does 429 divide 344454529?
False
Is 1132859 a multiple of 29?
False
Is 28004463 a multiple of 9?
True
Does 26 divide 100760972?
True
Is 281 a factor of 21012337?
True
Is 509083094 a multiple of 21?
False
Is 30 a factor of 45264600?
True
Does 5 divide 1320646?
False
Does 8 divide 239765696?
True
Is 1166635785 a multiple of 69?
True
Is 33 a factor of 552208657?
False
Does 1904 divide 1461290842?
False
Is 63 a factor of 113063623?
False
Is 108 a factor of 96828226?
False
Does 215 divide 21827618?
False
Does 4147 divide 192176127?
True
Is 1976170740 a multiple of 2685?
True
Is 146 a factor of 589351338?
True
Is 361712920 a multiple of 40?
True
Does 49 divide 177858164?
False
Does 4089 divide 1531350945?
True
Is 30800675 a multiple of 226?
False
Is 16 a factor of 214742016?
True
Is 68770716 a multiple of 34?
False
Does 84 divide 842496564?
True
Is 36952078 a multiple of 985?
False
Does 21 divide 2008056750?
True
Is 2067920801 a multiple of 5140?
False
Is 188309180 a multiple of 58?
True
Is 34977078 a multiple of 35?
False
Is 649692648 a multiple of 88?
True
Is 657 a factor of 217189979?
False
Is 13 a factor of 2798442669?
False
Is 287693 even?
False
Is 721 a factor of 155401717?
False
Is 27 a factor of 664654130?
False
Is 57 a factor of 35223707?
False
Is 71546774 a multiple of 908?
False
Is 112611975 a multiple of 27?
False
Is 160 a factor of 33952320?
True
Does 179 divide 4547853?
True
Does 5348 divide 1727052759?
False
Is 11 a factor of 935501748?
False
Does 56 divide 92061424?
True
Does 1482 divide 58803282?
False
Is 208 a factor of 2319709392?
True
Does 1763 divide 1025969035?
True
Is 2848863256 a multiple of 362?
True
Is 626601097 a multiple of 971?
False
Does 62 divide 2718721204?
True
Does 128 divide 2011797120?
True
Does 47 divide 1760924466?
True
Is 14 a factor of 24574194?
False
Does 1034 divide 33160233?
False
Is 53873560 a multiple of 20?
True
Is 167617052 a multiple of 2?
True
Is 1525 a factor of 139510050?
True
Is 192 a factor of 742934784?
True
Does 8 divide 478704152?
True
Does 399 divide 27649503?
True
Does 7 divide 77961380?
True
Is 18 a factor of 4815076626?
True
Is 205 a factor of 139118740?
True
Is 4977